e -3*w + 8 + 4 = b. Let q = 52 + -16. What is the greatest common divisor of w and q?
4
Let t = 4807 + -3376. Suppose 999 = 18*y - t. Let x be (1 + 5)*(-5)/(-2). Calculate the greatest common divisor of x and y.
15
Let u = 187 - 186. What is the highest common factor of u and 13?
1
Let c = 19 + 8. Let g be ((-102)/c + 4)*9. Let s be g + 0 + (5 - 2). What is the highest common divisor of 25 and s?
5
Let w be (-2 - -422) + 3 + 1. Suppose 3 + 1 = o, 2*n - w = -2*o. Calculate the greatest common divisor of 26 and n.
26
Suppose 5*j + 25 = 0, i - 21 - 32 = 5*j. What is the greatest common factor of 140 and i?
28
Let w = 350 + -280. Calculate the greatest common divisor of 455 and w.
35
Suppose 0*r + 3*y - 49 = -r, 0 = r - 5*y - 57. Let o = r - 10. What is the highest common factor of 6 and o?
6
Let r(g) = -g**2 + 16*g + 7. Let f be r(16). Let b = f - 2. Let k be (3/(-2))/(b/(-130)). What is the greatest common factor of 13 and k?
13
Let l be -2*(-99)/6 + 1. Suppose 0 = 5*g + l - 39. Calculate the greatest common factor of 1 and g.
1
Suppose 2*o = 32 - 262. Let m = -99 - o. What is the highest common divisor of 40 and m?
8
Suppose -5*j = -5*a + 25, 47*j = 4*a + 51*j + 4. Let h be -1 + (0 - -1)*7. Suppose 5*x - h*x + 8 = 0. Calculate the highest common factor of x and a.
2
Suppose -16 + 72 = 4*t. Suppose -h - 6 + 19 = 2*f, -f + h + t = 0. Suppose 5*q - q = 36. What is the highest common divisor of f and q?
9
Let y(j) = 3*j + 5. Let r be y(3). Let k = 31 + r. What is the greatest common factor of 18 and k?
9
Suppose -4*g = -11 - 1. Suppose 0 - 3 = -d - r, 0 = -5*d + g*r + 47. Suppose d = 2*n - 93. Calculate the highest common factor of n and 10.
10
Suppose -j + 7 = 2. Suppose 4*g - 36 = -5*a + a, -5*g + j*a + 15 = 0. Suppose g*x - 70 = x. Calculate the greatest common divisor of 70 and x.
14
Suppose -6*g = -4*g + 5*d - 1190, -g + 605 = 5*d. Calculate the greatest common factor of 45 and g.
45
Suppose -r - 54 = -4*z, -5*z = 15*r - 13*r - 61. Let v(o) = 2*o. Let b be v(-1). Let l be 105 + (-2 - b/2). What is the greatest common divisor of z and l?
13
Let l = 23 + -77. Let u = -42 - l. Let f = -109 + 157. What is the highest common divisor of u and f?
12
Let g = 0 + 17. Suppose -3*c + 7*d = 4*d + 3, g = -2*c + 5*d. Suppose -3*n - 423 = -c*o, -4*o = -n - 57 - 364. What is the highest common factor of o and 15?
15
Let r = 26 - 26. Suppose 2*v - 8 - 80 = -4*m, 2*v - 3*m - 60 = r. Let y = v + -18. What is the highest common factor of 12 and y?
6
Suppose -3*q = -17*k + 15*k + 7497, -2*k + 7527 = 3*q. Calculate the greatest common divisor of k and 12.
12
Suppose 7*b - 68 = -61. Suppose -4*n + 25 = y, 5 = 5*y - 0*y - 4*n. Let c = b + y. Calculate the greatest common factor of c and 4.
2
Let i = -25 - -76. Calculate the highest common divisor of i and 136.
17
Let q be ((-9)/(-12) - 3/(-12))*20. Suppose -5*n = 5*u - q, 2*u + 3 = 2*n + 5*u. Calculate the highest common factor of n and 99.
9
Let s(t) = 5*t + 299. Let i be s(0). What is the greatest common divisor of i and 13?
13
Let l(t) = 28*t**2 + 40*t + 33. Let k be l(-6). What is the greatest common factor of 18 and k?
9
Let z = -235 + 276. Calculate the greatest common factor of z and 2.
1
Suppose 4*g - 4 = 0, -5*g = -5*n + 11 - 6. Let c be (-102)/(-3 + 2) + n. What is the highest common factor of 13 and c?
13
Suppose -237 = -9*h + 267. What is the greatest common factor of 35 and h?
7
Suppose r + u = 33, -2*r = r - 4*u - 134. Let f(l) = 20*l - 43. Let a be f(5). Calculate the greatest common factor of r and a.
19
Suppose 2*r = -3*r + 420. Let c = -677 - -689. Calculate the greatest common factor of r and c.
12
Suppose -32*p - 60 = -38*p. Calculate the greatest common divisor of p and 230.
10
Suppose 5*y - 2*a = 24, 2*a + 4 = -0*a. Let h be (5 + -3)*178/y. Suppose 5*o - 131 = h. What is the highest common divisor of 22 and o?
22
Let p = -490 + 494. What is the greatest common factor of 56 and p?
4
Let i(n) = 14*n - 1. Let z be i(-1). Let x = -11 - z. Suppose x*p = 27 - 3. What is the highest common factor of 4 and p?
2
Let l(s) = s**3 + 35*s**2 - 127*s + 56. Let m be l(-38). What is the greatest common divisor of 22 and m?
22
Suppose 9 + 3 = -4*x. Let t be x - (-5)/((-15)/(-249)). Suppose 2*u = -3*q + 184, t = -0*q + q - 4*u. What is the highest common factor of q and 8?
8
Let x = 9 + -85. Let d = x - -110. What is the greatest common divisor of d and 34?
34
Let z = 13 - -52. Let b be 10/(-3)*(-13)/(z/42). Calculate the greatest common factor of 14 and b.
14
Suppose -4*j + 77 = -3*z, 5*z + 3 = 3*j - 63. Suppose -j*y + 2557 + 1319 = 0. Calculate the greatest common factor of 12 and y.
12
Let u(j) = -j**3 - 5*j**2 + 5*j - 5. Let i be 5 - 2/1 - 1. Let h be -1 + (-1 - 9)/i. Let l be u(h). What is the greatest common divisor of l and 11?
1
Let z(x) = 8*x**2 - 12*x - 5. Let w be z(4). Suppose -2*p + 107 = -4*u + 27, 4*u + 140 = 4*p. Calculate the greatest common divisor of w and p.
15
Suppose 5*w - 206 = 194. Suppose -7*p + 2*p = -w. Calculate the greatest common factor of 80 and p.
16
Suppose -2*y = 4, -5*y = z - 4*z + 16. Let w = 18 - 17. What is the highest common factor of z and w?
1
Let f be -1*2 + (-8 - -12) + -2. Suppose k = -2*i - 2*k + 18, 3*i + 3*k - 24 = f. Calculate the highest common factor of i and 66.
6
Let z(v) = -v - 9. Let s be z(-10). Suppose -51 - 93 = -12*t. What is the highest common divisor of s and t?
1
Let j(w) = -12*w - 9*w + 3 + 20*w + 3*w**2. Let l be j(-2). What is the greatest common divisor of 85 and l?
17
Suppose 3*o = -4*d + 86, -2*o + 3*d + 61 = 2*d. Suppose 0 = r - 4*r + 30. What is the highest common factor of r and o?
10
Let o(a) = -4*a**2 + 3*a + 2. Let d be o(-1). Let q(u) = u**2 + 4*u - 2. Let b be q(d). What is the greatest common factor of 1 and b?
1
Let i be 3/(-2)*(-2 - 14/(-21)). Let m(q) = -q**3 + 4*q**2 - 4*q + 3. Let a be m(i). Let l = 9 + -6. Calculate the highest common factor of a and l.
3
Let z(r) be the third derivative of -r**5/60 + 5*r**4/6 - 26*r**3/3 - 32*r**2. Let n be z(14). Calculate the highest common factor of 32 and n.
32
Suppose 0 = 2*v + 4*k - 11 - 21, 3*v - 4*k = 18. Suppose -6*t + v*t - 252 = 0. What is the greatest common factor of t and 21?
21
Suppose t = -4*w + 652, -4*t - 476 = -3*w - 8*t. What is the highest common factor of w and 451?
41
Suppose -15*i = -40 - 95. Let f(d) = 98*d**2 + d. Suppose -5*a = -a - 3*v - 19, -4*v - 23 = -3*a. Let n be f(a). What is the highest common factor of i and n?
9
Let q be (-3)/(-3) + (3 - 2). Let j be 1/3*30/q. Suppose j*g = u - 65, -3*u - g + 195 = -2*g. What is the greatest common factor of 13 and u?
13
Suppose 2*l + 2*l - 12 = 0. Let i be (28/126)/(10/225). What is the greatest common factor of l and i?
1
Let p = 91 - 56. Let z(s) = s**2 + s + 1. Let g be z(2). Calculate the highest common divisor of p and g.
7
Let n(u) = -18*u**3 - u + 4. Let r(y) = 3*y - 71. Let m be r(23). Let o be n(m). Calculate the highest common divisor of o and 60.
30
Let y be (156/(-15) - 0)/((-2)/55). What is the greatest common factor of 52 and y?
26
Let l = 38 - 33. Suppose -6*n + 400 = -3*n - 4*f, l*n - 660 = 5*f. What is the greatest common divisor of 8 and n?
8
Let r(a) = 9*a + 345. Let d be r(-29). Let n = 1 + 11. Calculate the highest common factor of d and n.
12
Suppose 5*s = -3*f + 34 + 27, 5*f - 119 = -4*s. Let i be (-3)/(-6*12/72). What is the greatest common factor of f and i?
3
Suppose -2*w + 1089 = -9*j + 10*j, w = -2*j + 2166. What is the highest common factor of j and 23?
23
Suppose -107*y + 44 = -103*y. Let t(g) = 2*g**2 - 8*g + 14. Let l be t(y). What is the greatest common divisor of 24 and l?
24
Suppose -5*i + 15 = -5*s, 2 = -4*s - i + 5. Suppose 2*r + s*r = -2. Let j be (-17 - r)*270/(-40). Calculate the greatest common divisor of j and 12.
12
Let l = 51 + -101. Let t = l + 90. Let n = 4278 - 4268. Calculate the highest common factor of n and t.
10
Let o(b) = 18*b + 2. Let q be o(4). Let r = 77 - q. Calculate the greatest common factor of 3 and r.
3
Let d = 41 - 39. Suppose d*p - 5*p + 50 = 4*l, -2*l + 4*p = -36. What is the highest common factor of l and 56?
14
Let i(o) = 4*o - 4. Let c be i(6). Let s = 10 - -210. What is the greatest common divisor of c and s?
20
Suppose 2*j + 0*j - 80 = 0. Let m(o) = -9*o